. What is i(q)?
-1
Let z be -1*(1 - (-1 - -5)). Suppose -2 - 2 = -2*p. Let c(b) = -z*b + 3 + b**2 - 2*b**2 - b**p. Give c(2).
-11
Let j(p) = 0*p - 3*p + 6*p**3 + 4*p**2 - p - 5*p**3. Give j(-4).
16
Let g(c) = -c + 1. Suppose -2*d - 3 = d. Let y = d + 6. Give g(y).
-4
Let l(z) = -z**3 - 2. Let k = -5 - -7. Suppose -5*n + k = -8. Let w be (8/n)/(-2) + 2. Determine l(w).
-2
Let y(w) be the first derivative of w**4/4 + 5*w**3/3 + 6*w + 19. Give y(-5).
6
Suppose -24 = -3*i - i + 2*g, g = -4*i + 18. Let t = -3 + i. Let p(z) = -z**2 - t*z + 0*z**2 + 6*z + 7. What is p(5)?
2
Let d(m) = -m**2 - 7*m - 6. Suppose 4*f = 5*n, 1 = -5*n + 3*f - 4. Give d(n).
6
Let a(l) = -l**2 - 19*l - 13. Let x be a(-18). Let f(c) = -c + 3. Calculate f(x).
-2
Let m(c) = c + c**2 + 6*c - c - 3 + 2. Let h = 3 - 8. Give m(h).
-6
Let j(l) = -l**3 - 3*l**2 + 3*l - 2. Suppose -3*y - 6 = -w - y, -2*y = 5*w - 6. What is j(w)?
-16
Let k(b) = 0 + 8*b - b**2 - b**3 + 3 - 2*b - b**2. Calculate k(-4).
11
Let q(r) = 2*r**2 - 7*r + 4. Let t be q(4). Let p(g) = -5*g - 16*g + t*g + 1. Calculate p(-1).
14
Suppose 3*g - 20 = g - 3*u, -3*g - u = -23. Let o(d) = -d**2 - 10*d + 1 + 17*d - 3 + 0. Determine o(g).
-2
Let l(q) = 2*q + 3. Let h = -7 + 13. Let r be h/10 + (-222)/(-30). Let m = 6 - r. Give l(m).
-1
Let m be 20/(-30)*(-9)/(-2). Let q be 3 + -3 + (m - -5). Let u(s) = 2*s - 4*s + 3*s. Determine u(q).
2
Let h(n) = -n**3 + 3*n**2 + 5*n - 1. Let c be h(4). Let s(t) = 4*t + 2*t - 1 - 3*t - t**3 + 2*t**2 + 3. Calculate s(c).
2
Let f(o) be the third derivative of o**9/60480 - o**8/2880 + o**7/720 + o**6/720 - o**5/20 - o**2. Let v(t) be the third derivative of f(t). Determine v(6).
7
Let l = 0 + 8. Let t(w) = w**3 - 7*w**2 - 8*w - 4. Let p be t(l). Let d(m) = 2*m**2 + 7*m + 6. What is d(p)?
10
Let l(p) be the third derivative of p**5/30 - p**4/6 - 2*p**3/3 + 3*p**2. Let v(a) = -6*a**2 + 11*a + 11. Let f(i) = -17*l(i) - 6*v(i). Determine f(-2).
6
Let d(c) = -5*c + 3 + 6*c**2 + 1 - 5*c**2. Give d(4).
0
Let y be (-21)/15 - (-4)/10. Let h(l) = 4*l + 7. Let p(q) = -4*q - 6. Let r(n) = 5*h(n) + 6*p(n). Let d(s) = s - 1. Let a(x) = y*r(x) - 3*d(x). What is a(-3)?
1
Let q(x) = -x + 1. Let s(i) = -2*i - 15. Let o be s(-10). What is q(o)?
-4
Let v(s) = s**3 - s**2 + s. Let w(j) = 6*j**3 - 5*j**2 + 6*j - 1. Let t(o) = -11*v(o) + 2*w(o). Calculate t(-2).
-8
Let n be (6 - 4)/((-6)/(-21)). Let x(h) = h**3 - 6*h**2 - 6*h - 2. Calculate x(n).
5
Let r be (-21)/6*2*-1. Let i(y) = -y**2 + 7*y + 4. Let a be i(r). Let t(v) = -3 - 4*v - 5*v**2 + 2 - a*v**3 + 3*v**3. What is t(-3)?
-7
Let i(q) = 4*q**3 - q**2 - 5*q**3 + 1 + 2*q**3 - 2*q. Let m be (-56)/21*15/(-4). Let r = m - 8. Determine i(r).
1
Let r(o) = -2 + 2*o**2 + 3*o**2 - 3*o**2 + 4. Give r(-2).
10
Let r be (-2)/4*(-16)/4. Let g(i) = -76 + 73 + 6*i - i - i**3 - i**r - 4*i. Give g(0).
-3
Let x(k) = 3*k + 1. Suppose 5*l = -5*p - 5, 0*p = 3*p + 6. Let u be (2 - -5)/l*1. Suppose 0 = 4*z - 1 - u. Give x(z).
7
Let x(o) be the second derivative of -o**5/10 - o**4/6 - o**2 + 5*o. What is x(-2)?
6
Let t(x) = 6*x - 3. Let q(a) = -5*a + 3. Let s(n) = -4*q(n) - 3*t(n). Give s(-4).
-11
Let n(m) = -3 - 48*m - 9*m**2 + 40*m + 4*m**3 - 5*m**3. Determine n(-8).
-3
Let j = -1 + 1. Let s(y) = y. Let u be s(6). Let x(d) = 8*d + 0 - 7*d + u. What is x(j)?
6
Suppose 7 = -5*y + 3*n, 4*y - 2 = -4*n - 14. Let p(l) = 1 + 2 + 5*l - 4. Determine p(y).
-11
Let b(o) be the first derivative of o**4/4 - 5*o**3/3 - 5*o**2/2 + 3*o - 2. Calculate b(6).
9
Let d(h) be the second derivative of h**7/2520 - h**6/180 + h**5/120 + h**4/12 + 3*h. Let w(l) be the third derivative of d(l). Calculate w(3).
-2
Let y = -9 - -9. Let g be (y + 0 + 2)/(-2). Let i(f) be the third derivative of f**6/120 + f**5/60 + f**4/12 + f**3/6 - f**2. Give i(g).
-1
Let m(k) = -k. Let f(y) be the second derivative of -5*y**3/6 + y**2 + y. Let j(d) = f(d) - 4*m(d). Let a = 3 - 7. Calculate j(a).
6
Let o(d) = -5*d**2 + d. Let r(g) = -4*g**2 + g. Let m(q) = 3*o(q) - 4*r(q). Determine m(3).
6
Suppose 0*a - 2*a = -10. Let d(q) be the second derivative of -q**5/20 + q**4/2 - 5*q**3/6 + 2*q**2 - q. Give d(a).
4
Let g(l) = -l**2 + 6*l + 4. Suppose -3*r + 5*z + 26 = 0, -5*r + 2*z + 5 + 13 = 0. Suppose -2*s + 8 = 2*y, y = r*s + 2*y - 9. Calculate g(s).
9
Let o = -51 - -56. Let x(h) be the first derivative of -h**2/2 + 3*h + 1. Determine x(o).
-2
Let u(k) = 2*k**2 - 4*k - 4. Let c(q) = q + 1. Let v(z) = -4*c(z) - u(z). Determine v(1).
-2
Let i(u) be the second derivative of u**5/20 - u**4/6 - u**3/3 + 3*u**2/2 + u. Suppose -4*r = -4*c - 24, -r + 5 = -5*c - 13. Give i(r).
6
Suppose 2 = -k - 1. Let q be 0 - k - (-3 + 4). Let o(m) = -m - 3*m**3 - 2*m**2 + 2*m + m**3 - q + 0*m**3. Determine o(-2).
4
Let j(a) = a**2 + 5*a + 3. Let b = -3 - -4. Suppose 3*v + 16 = b. What is j(v)?
3
Let z(y) be the third derivative of -1/24*y**4 - 6*y**2 - y**3 + 0 + 0*y. Let u be 0*(1 + (-1)/2). Give z(u).
-6
Let n(c) = c**2 - 3*c - 1. Suppose 0*r + 3*w = -5*r + 20, -5*r = 5*w - 20. Suppose -r*s + 27 = -9. Let g be (5 - -1)*6/s. Give n(g).
3
Let a(w) = w + 2. Let d = -8 + 12. Suppose 0 = -n + 5*n - 3*l - 5, n - d*l = -15. Suppose z = -g - 0*z + n, -g + 25 = 5*z. Calculate a(g).
2
Suppose -2*n = -8 - 2. Suppose -y = n - 1. Let h = -1 + y. Let f(j) = -j**3 - 6*j**2 - 7*j - 4. Calculate f(h).
6
Let n(u) = -u**3 - u**2 - 2*u - 3. Let l(y) = y**3 - 8*y**2 + 7*y - 2. Let d be l(7). Give n(d).
5
Let s(d) = d**3 + 3*d**2 - 3*d - 1. Suppose -2*o - o - 4*q = -11, -3*o + 5*q = 34. What is s(o)?
8
Let q(y) = -y**3 - 6*y**2 - 6*y + 1. Let j be -10*(2/4 + 0). Determine q(j).
6
Let z(k) = 11*k**2 - 5*k + 5. Let p(s) = 12*s**2 - 6*s + 6. Let g(w) = 6*p(w) - 7*z(w). Calculate g(1).
-5
Let p(n) = -3*n - 5. Suppose 0 = 3*z - 3*u + 27, 15 = -3*z - 3*u + 2*u. Calculate p(z).
13
Let h(v) = -v**3 - 5*v**2 - 4*v + 4. Suppose 3*k + 3*m + 1 = 2*k, -5*m - 9 = -2*k. Let d be (4/5)/(k/(-10)). Give h(d).
4
Suppose 0 = 4*q - 5*p - 12, -2*q - p + 6 = -5*p. Let a(d) be the second derivative of -d**4/12 + 3*d**2/2 - 7*d. Calculate a(q).
-6
Suppose 40*w + 10 = 42*w. Let r(m) = -m**2 + 6*m + 1. What is r(w)?
6
Suppose -5*h = 10, 4*w + 5*h = 5 + 1. Suppose u = 3*u - z - 4, -3*u - w*z + 6 = 0. Let k = u - 3. Let c(n) = 5*n**2 - 2*n - 1. Determine c(k).
6
Let j(i) = 2*i - 4. Let o(s) = 0*s + 8 - 3*s + 2. Let c be o(5). Calculate j(c).
-14
Let y be 2*2/6*3. Let s(g) = 2*g**2 - 1 + 3 - 4*g + 0 + 2*g**y. Determine s(2).
10
Suppose 20 = -15*w + 19*w. Let q(g) = -3*g - 2. Calculate q(w).
-17
Let i(d) = 5*d**2 + 14. Let n(j) = 2*j**2 + 5. Let v(o) = -3*i(o) + 8*n(o). Suppose 0 = -2*f - 0*f. Determine v(f).
-2
Let b be (-4)/(-5) - (-2)/10. Let u(l) = -b + l - 3 + 1 - 3. Determine u(0).
-6
Let u = -2 + -3. Let o(d) = -d**3 - 5*d**2 - 2*d - 6. Let z be o(u). Let l be 23/5 - z/(-10). Let y(i) = -i**3 + 5*i**2 - i + 3. Calculate y(l).
-2
Let x(v) = -v**2 - 6*v - 7. Let k be 1*-1 + 3 + 1. Let p(z) be the third derivative of z**5/60 - z**4/4 + 2*z**3/3 + 4*z**2. Let b be p(k). What is x(b)?
-2
Let q(c) = -c - 5. Suppose f = 2*a + 2*f + 22, -a = -3*f - 3. Calculate q(a).
4
Let b(z) be the second derivative of -z**8/6720 + z**7/420 - z**5/40 - z**4/4 + 2*z. Let i(p) be the third derivative of b(p). Calculate i(6).
-3
Let w(a) = -a**3 - 3*a**2 + 3*a - 1. Let m be w(-4). Let t(f) be the second derivative of 1/2*f**2 - 1/3*f**m - f + 0. Determine t(2).
-3
Let b(z) = z**2 - 4*z + 6. Let m be (4/(-5))/(2/15). Suppose -3*o + 17 = -n, 2*n = -2*n - 20. Let x be -1*(m - (2 - o)). What is b(x)?
6
Let t(s) = -3*s**3 - 2 - 4*s + 4*s**2 - 3*s**3 + 7*s**3. Determine t(-5).
-7
Let q(j) = j**2 - 5*j. Suppose 0 = 3*v - 5*h + 25, 5*h - 25 = -0*h. Suppose -2*o + 10 = -0*o. Let i = v + o. Calculate q(i).
0
Let y(r) be the second derivative of 1/6*r**3 + 10*r + 3*r**2 + 0. Calculate y(-8).
-2
Let f(h) = -3*h**2 + 3*h - 3. Let x(m) = -m**2 - m - 1. Let p(v) = 6*v**2 + 8*v + 6. Let d(i) = -4*p(i) - 28*x(i). Let t(n) = -2*d(n) - 3*f(n). Calculate t(-2).
7
Let t(c) = c**3 + 3*c**2 + 2*c**2 + 1 + 3 - c**2. Give t(-4).
4
Let d(g) = g**2 - 3*g - 2. Suppose -3*j - 2 = -2*j - 5*i, -4*i = -4*j + 8. Determine d(j).
-2
Let r(f) = 6 + f - 6 + 0. Let h(j) = -j + 1. Let z(l) = -h(l) + 4*r(l). Calculate z(-2).
-11
Let g(j) be the third deriv